6) + (1789 - 1820).
-38
Evaluate 5642 - 5653 - (-1 + 12).
-22
What is the value of (6 + -48 - -100) + -8 + -10?
40
52 + 6 + -10 + -89
-41
Evaluate 7 + -55 + (29 - -25).
6
(85 - (-4 - -35)) + (6 - 27)
33
Evaluate -25 + (-4 - -135 - (-3 - 8)).
117
-8 + -1 - (4 + -4) - (-5 + -60) - -5
61
33 - 60 - -23 - 96
-100
What is the value of 166 - 209 - (8 + (-3 - 1) + -10)?
-37
Evaluate -23 + 97 + (-63 - 77).
-66
Evaluate -548 + 559 + (4 - 51).
-36
(-16 + 0 - (-8 - (7 + -3))) + 85
81
-14 + -97 + (-67 - -142)
-36
Evaluate (-82 - -50) + -4 + (11 - 92).
-117
What is the value of (-352 - -115) + 101 + 78?
-58
Calculate 77 - (35 + (4 - 11) + -35 + 21).
63
-29 + 26 + -2 + -39
-44
What is the value of 0 - -54 - (-9 + 35 + (-67 - -59))?
36
Calculate 14 + (15 - (-15 - -30)) + -5 + 1.
10
What is (10 - -40) + -36 + -8 + -1 + 0?
5
Evaluate (2 - 2) + (-4 - ((-2 - 8) + 21)).
-15
Evaluate -582 - -682 - ((10 - 10) + 0).
100
Calculate -74 + 77 - (10 - (-3 + -13)).
-23
What is (14 - (-2 + 14 + 12)) + -3 - (-107 - -13)?
81
What is 27 - (-37 + 94 + -40 + 46)?
-36
Calculate 27 + (-53 - -18) + 22.
14
(25 - (33 + -21)) + (-13 - 43)
-43
(-2 - 51) + (3 - (-4 + 4) - 12) - -9
-53
What is the value of 2 + -3 - (-68 - 6 - -78 - (64 - 0))?
59
What is (131 - (-194 + 166)) + -162?
-3
What is -43 + (-16 - (36 + -90))?
-5
What is the value of -10 + -4 + (1 - 10 - 1) + 3 - 6?
-27
0 + -36 + -354 + 349 + -7 + 2 + -2
-48
Evaluate (3 - (-5 + (-5 - -10)) - -10) + -2 + -5.
6
What is -218 + 236 - ((1 - 5) + 63)?
-41
What is the value of -35 - (-1 + -5 + (60 - 75))?
-14
(-3 - (9 - (7 + -5))) + (3 - 12)
-19
What is the value of (1 + 5 - 2) + -398 + 437?
43
(17 + -36 - 19 - -34) + (3 - (0 - 0))
-1
Calculate 869 + -895 + 111 + (5 - 7).
83
What is 3 + (21 - 42) - (-53 - 17)?
52
What is the value of 51 + (-10 - -31) + (-6 - -2) + -4?
64
Evaluate -7 - -21 - ((-57 - -33) + 43).
-5
What is the value of 25 + -51 - -18 - (10 - (-79 - 7))?
-104
Calculate -134 + 169 + (3 - 2) + -1 + -2 + 11.
44
What is the value of -338 + 74 + 272 + (1 + -1 + 2 - 52)?
-42
Calculate (30 - 58 - -7) + 4 - 19.
-36
Evaluate (-4 - (-13 + 31)) + 7 + 2 + -65.
-78
What is the value of 12 + ((6 - 13) + 6 - 9) + -14 - 33?
-45
Evaluate 4 + -20 + (-2 + -6 - (-25 + (-2 - -30))).
-27
-60 + (-82 - -21) + 20 + 13
-88
What is the value of -2 + (6 - 16) + 28 + -11?
5
4 + (-70 - (-233 - -82))
85
Evaluate (-37 - (-26 + 6) - (8 + -2)) + 68.
45
Calculate -48 + (-7 - -46) + 0 + 2 + -3.
-10
What is the value of 95 + -54 - (4 + 5) - -20?
52
Evaluate 1 - (-2 - (2 - 5)) - (-1616 - -1611).
5
Calculate -16 + 1 - (5343 + -5305).
-53
Evaluate 47 + (43 - 65) - 16.
9
What is 1 - -25 - (-61 - (-87 - -26))?
26
What is (12 - (-33 + 15 + 6)) + -9?
15
Calculate 8 + 13 - (-166 - -240).
-53
Calculate -43 - 5 - ((-20 - -10) + 14 + 2).
-54
What is the value of (8 - (5 - -9)) + -1 + (-4 - -2) - 45?
-54
What is 20 + (1 - 53) + -8 - 22?
-62
Calculate 76 + (-94 - (0 - 66)).
48
Calculate -31 + (6 - (20 - 71)).
26
What is 22 + 0 + (-3 + 5 - (9 - 13 - -2))?
26
What is -2 - (16 + (10 - (3 - -1)))?
-24
What is -5 + 10 + -104 + -9 + 47?
-61
Evaluate 18 + (5 - -7) + -17 - 118 - 7.
-112
Evaluate -5 - 41 - (-106 - -62).
-2
Evaluate (10 - -3) + (6 - -19) + (3 - 2).
39
Calculate 169 - 126 - (-4 + -3 + 8 + -1) - -5.
48
Evaluate (56 - (15 - -51)) + 10.
0
Calculate ((-3 - 7) + 16 - 21) + -18 + 107.
74
Evaluate 171 + -115 + -33 + 23 + 0.
46
-2 + 2 + (2 - 0) - (71 - 10)
-59
What is (0 - 4) + 58 + (10 - 33)?
31
What is the value of 40 - (18 + -27 + -25)?
74
Evaluate (158 - 97 - 75) + 26 + 1.
13
What is 29 - (113 - 71) - -67?
54
Evaluate 19 + -16 + -6 + 75 + 6 + 3.
81
4 + -29 + 35 + -6
4
What is 363 + -389 - (-131 - -13)?
92
Calculate -41 - (-465 + 471 + (2 - 51)).
2
What is the value of -58 - -36 - (-90 + 21 + 10)?
37
Calculate (-110 - -32) + 58 - (-5 + 2 - -4).
-21
What is the value of -39 - (-15 + 31 + 1 - 17)?
-39
Evaluate -29 + (36 - -1) - (-12 - -13) - (-1 + -29).
37
Calculate -149 - (-76 - (13 + -54)) - -44.
-70
What is the value of (38 - 22 - 28 - (-3 - 0)) + -33?
-42
517 + -489 + (-2 - 23) - (-1 - -30)
-26
(100 + -164 - 28) + 34 + 1
-57
What is -7104 + 7186 - (-19 + -1)?
102
Calculate 9 + (-17 + 13 - -21) + -1.
25
-25 - (24 - (26 + 30 + -15))
-8
-15 + (-21 + (16 - 10) - -26)
-4
What is the value of 14 - 28 - 15 - (-24 + 43)?
-48
What is 16 + 22 + -39 + -5 + (-8 + 4 - -18)?
8
What is -10 + 9 + (7 - -4) + -39 + 3 + -5?
-31
Calculate (315 - 271) + -4 + 5.
45
What is the value of -61 + (4 + (2 - 7) - (0 + -5)) + -1?
-58
Calculate 74 + -11 + (2 + 1 - ((11 - 10) + 12)).
53
What is the value of 26 + 2 - (-2159 - -2196)?
-9
Evaluate 4 + 31 + -1 + (-96 - -85) + -4.
19
Evaluate 91 + -53 + (-20 - 83).
-65
Evaluate 5 + 6 - (5 - 2) - (-47 + (9 - 9)).
55
79 + (-60 - -49 - (2 - 2) - 1)
67
Calculate (1 - 68) + -395 + 423.
-39
2 + -95 + (116 - 125) + 43
-59
Calculate (-16 + 26 + -8 - 31) + -5 + -2.
-36
(33 - 55 - -31) + -35
-26
What is 1 + (-34 - -17) - -44?
28
What is -72 - (6 + (11 - 24) - 21)?
-44
What is the value of (1 - 106) + (5 - 10 - 13) + 63 + -33?
-93
(-26 - -4) + (30 - -6 - -5)
19
(0 + 5 - -4) + (5 - 3) + 17
28
What is 4 + 10 + (21 - 29) - (11 + 17)?
-22
What is (0 - (81 + -37) - -12) + -50?
-82
(4 - 6) + -10 - 1 - (-20 - 13)
20
Calculate -35 + (20 - -3) + -5 - -32.
15
Evaluate -13 + 147 + -61 + 2.
75
Calculate 9 + 20 + (-104 + -26 - -27).
-74
77 + ((2 - 6) + 1 - (-268 + 279))
63
Evaluate -24 + 68 - 48 - 32.
-36
Calculate (-1 + 2 - 14) + (-88 + 151 - 71).
-21
Evaluate (54 - -31 - 57) + -35.
-7
Calculate (1 + -1 - (-14 - -18)) + 27 + -28.
-5
What is the value of -17 - (3 + 10 + (-14 + 29 - 17))?
-28
Calculate -30 - (-9 - 78 - -4) - 27.
26
(-69 - (-15 + 20 - (7 - (5 + -11)))) + -8
-69
What is 14 + (-5 - -4) - (1203 + -1212)?
22
What is (52 - -27) + -58 - 38?
-17
-13 + (-42 - -14 - -87)
46
What is 4 + (-8 - 10 - 2) - (-99 - -173)?
-90
What is 15 + (1 + -2 - 4 - (-88 + 90))?
8
What is the value of 144 + -61 + -55 + 79?
107
Evaluate 137 + 4 + -102 + 19.
58
What is the value of (72 - 99) + 3 - 34?
-58
2 + 4 + -25 + 0 + (2 - 0)
-17
What is the value of (27 - (-20 - -6)) + (-6 - -13) + -19?
29
1 + (-12 - 0) + (-27 - -27) - (-26 + 32)
-17
What is (95 - 123) + 0 + -80 - (-8 + (-8 - -4))?
-96
What is -84 - (32 - (125 + -39))?
-30
What is the value of (3 + -11 - 0) + (-10 + -1 - 6)?
-25
Calculate -40 + -2 + -4 + 9 + -24.
-61
What is 211 - 143 - 81 - (-84 - (0 - 0))?
71
Evaluate 44 + 1 + -1 + 114 + (188 - 292).
54
What is 1 + -1 + 2 - 3 - (4892 - 4862)?
-31
50 + -15 + (28 - 27)
36
Evaluate 41 - 2 - (-2149 + 2233).
-45
What is the value of 44 + -2 - (102 + -100) - -23?
63
Calculate 55 + (-23 - -14) + -196 + 12.
-138
Evaluate -293 + 360 + (-107 - 5).
-45
What is the value of (12 - 9 - 15) + 2 + (6 - 12 - -95)?
79
What is -73 - (20 - (244 + -89))?
62
Evaluate -22 + 3 + (49 - 15) - -54.
69
(-1 - -3) + (3 - 0 - 14 - (-61 + 36))
16
Calculate (272 - 253 - (1 - (-64 + 1))) + -3.
-48
What is the value of -89 + (-2 + 0 - (-2 + -10 + 11 + -1))?
-89
-98 - ((55 - 18) + -30)
-105
What is the value of (-3 + 2 - (27 + -28)) + (0 - -4 - 1)?
3
Calculate -22 - (61 + 4 + -25).
-62
What is the value of -25 - -62 - (2 - (-10 - -15))?
40
Evaluate -27 + 180 + (-34 - -8) + -31.
96
What is 14 - (1 + -38 - (-86 + 79) - -13)?
31
What is -48 + (59 - (62 + -48))?
-3
Calculate (100 - (-76 - -178)) + 68.
66
What is 74 + 18 - (-79 - (6 - 80))?
97
What is (0 - 67) + -263 + 270 - 24?
-84
Evaluate (-20 - 6 - -36) + -3 + 0 + 37 - -3.
47
-10 - (60 + -37 - 14)
-19
-23 - ((-29 - 19) + 24) - 66
-65
-74 + -53 + 107 + -13
-33
-13 + -2 + -1 - 0 - (549 + -670)
105
What is (30 - -2) + -1398 + 1422?
56
What is -48 + 36 - (-1 - (5 + 28) - 5)?
27
Calculate 37 + (8 + -3 - 13) + -9.
20
115 - 264 - (58 + -62)
-145
Evaluate -303 + 139 - -35 - -119.
-10
What is the value of 90 - -7 - (-6 + ((-4 - -6) + -1 - 2))?
104
Calculate -122 - (-21 - (-33 - -102)).
-32
What is 3 + (-27 - -2) + 4?
-18
Calculate 0 + 4 + 49 + (8 - 15 - 3).
43
Calculate -1 + 46 + 1 - (23 + -8).
31
Calculate 4 + (-8 + 11 - -10 - 58).
-41
Calculate (-15 - 3) + (65 - -57 - 189).
-85
Calculate 20 - ((21 - 0) + (-522 - -502)).
19
What is the value of -3 - (279 + -264 + (-17 - 0)) - 24?
-25
Evaluate -9 + ((-5 + 7 - 5) + 11 - -105).
104
-34 - (-142 + (-26 - (-10 + -26)))
98
Calculate 